, 11969
What are the prime factors of 4837158?
2, 3, 37, 269
List the prime factors of 6482651.
7, 132299
List the prime factors of 352737.
3, 7, 11, 509
What are the prime factors of 2575391?
7, 13, 311
List the prime factors of 3371457.
3, 17, 66107
List the prime factors of 371700.
2, 3, 5, 7, 59
What are the prime factors of 119760?
2, 3, 5, 499
List the prime factors of 1050151.
1050151
List the prime factors of 1263206.
2, 7, 23, 3923
List the prime factors of 244047.
3, 81349
List the prime factors of 3008690.
2, 5, 300869
What are the prime factors of 8264920?
2, 5, 206623
What are the prime factors of 3639280?
2, 5, 45491
List the prime factors of 14347241.
14347241
List the prime factors of 151166.
2, 75583
List the prime factors of 15100293.
3, 13, 387187
What are the prime factors of 2183577?
3, 11, 66169
List the prime factors of 12303.
3, 1367
What are the prime factors of 2232270?
2, 3, 5, 17, 1459
List the prime factors of 943815.
3, 5, 62921
What are the prime factors of 9927550?
2, 5, 211, 941
List the prime factors of 1785495.
3, 5, 119033
What are the prime factors of 223332?
2, 3, 37, 503
List the prime factors of 4798547.
13, 369119
List the prime factors of 4756604.
2, 1189151
What are the prime factors of 6517670?
2, 5, 651767
List the prime factors of 2059119.
3, 109, 2099
List the prime factors of 195450.
2, 3, 5, 1303
List the prime factors of 26325266.
2, 11, 1196603
List the prime factors of 2390047.
11, 17, 12781
List the prime factors of 1546556.
2, 11, 35149
What are the prime factors of 23309120?
2, 5, 23, 3167
What are the prime factors of 168003?
3, 11, 1697
List the prime factors of 560698.
2, 37, 7577
What are the prime factors of 652231?
239, 2729
What are the prime factors of 9717155?
5, 7, 23, 12071
List the prime factors of 223287.
3, 263, 283
What are the prime factors of 59016?
2, 3, 2459
What are the prime factors of 412508?
2, 281, 367
What are the prime factors of 420559?
67, 6277
What are the prime factors of 2016237?
3, 672079
List the prime factors of 1078588.
2, 7, 5503
List the prime factors of 299070.
2, 3, 5, 3323
List the prime factors of 13343.
11, 1213
What are the prime factors of 181849?
17, 19, 563
List the prime factors of 5588985.
3, 5, 409, 911
List the prime factors of 1171357.
11, 106487
List the prime factors of 155868.
2, 3, 31, 419
What are the prime factors of 2046902?
2, 11, 13, 17, 421
What are the prime factors of 13535789?
1289, 10501
List the prime factors of 209757.
3, 29, 2411
List the prime factors of 3151658.
2, 1575829
List the prime factors of 478622.
2, 167, 1433
List the prime factors of 10864202.
2, 83, 65447
What are the prime factors of 4873389?
3, 419, 3877
What are the prime factors of 18774358?
2, 17, 211, 2617
List the prime factors of 1478581.
13, 673
List the prime factors of 9337368.
2, 3, 389057
List the prime factors of 7418449.
7418449
List the prime factors of 3354084.
2, 3, 93169
List the prime factors of 3573929.
41, 61, 1429
List the prime factors of 2742873.
3, 7, 47, 397
What are the prime factors of 6348546?
2, 3, 19, 977
What are the prime factors of 341176?
2, 11, 3877
What are the prime factors of 578852?
2, 47, 3079
List the prime factors of 448426.
2, 11, 17, 109
What are the prime factors of 13966262?
2, 281, 24851
List the prime factors of 1823119.
1823119
List the prime factors of 1548837.
3, 172093
List the prime factors of 33968690.
2, 5, 7, 127, 3821
What are the prime factors of 963094?
2, 11, 43777
List the prime factors of 14403730.
2, 5, 11, 37, 3539
List the prime factors of 383136.
2, 3, 13, 307
What are the prime factors of 1689213?
3, 149, 3779
List the prime factors of 178859.
178859
What are the prime factors of 7666188?
2, 3, 109, 5861
What are the prime factors of 998462?
2, 179, 2789
What are the prime factors of 311515?
5, 62303
List the prime factors of 379822.
2, 23, 359
List the prime factors of 169552.
2, 10597
List the prime factors of 48894.
2, 3, 29, 281
List the prime factors of 3860185.
5, 7, 110291
List the prime factors of 4186019.
4186019
What are the prime factors of 113120?
2, 5, 7, 101
List the prime factors of 166303.
166303
What are the prime factors of 22601780?
2, 5, 67, 101, 167
List the prime factors of 319522.
2, 7, 29, 787
What are the prime factors of 461798?
2, 73, 3163
What are the prime factors of 9278920?
2, 5, 7, 31, 1069
List the prime factors of 347215.
5, 11, 59, 107
List the prime factors of 9987631.
307, 32533
What are the prime factors of 6216013?
6216013
What are the prime factors of 5071634?
2, 227, 11171
List the prime factors of 1143418.
2, 571709
What are the prime factors of 9108700?
2, 5, 79, 1153
List the prime factors of 147632.
2, 9227
List the prime factors of 324687.
3, 11, 9839
What are the prime factors of 262370?
2, 5, 26237
What are the prime factors of 4982169?
3, 1660723
List the prime factors of 46894.
2, 23447
What are the prime factors of 3504556?
2, 11, 23, 3463
What are the prime factors of 1171960?
2, 5, 83, 353
List the prime factors of 93573.
3, 37, 281
List the prime factors of 2463980.
2, 5, 17, 7247
List the prime factors of 3622293.
3, 19, 23, 307
What are the prime factors of 31723?
31723
List the prime factors of 713864.
2, 17, 29, 181
What are the prime factors of 41751?
3, 4639
What are the prime factors of 7849127?
11, 13, 131, 419
What are the prime factors of 1144?
2, 11, 13
What are the prime factors of 314858?
2, 157429
What are the prime factors of 180176?
2, 11261
What are the prime factors of 860161?
59, 61, 239
What are the prime factors of 4463050?
2, 5, 89261
What are the prime factors of 4277789?
53, 80713
What are the prime factors of 962366?
2, 23, 20921
List the prime factors of 2253.
3, 751
What are the prime factors of 1992770?
2, 5, 13, 15329
List the prime factors of 891322.
2, 137, 3253
List the prime factors of 334996.
2, 89, 941
What are the prime factors of 200116?
2, 7, 1021
What are the prime factors of 69846?
2, 3, 7, 1663
What are the prime factors of 253728?
2, 3, 881
What are the prime factors of 6210048?
2, 3, 13, 311
List the prime factors of 1314211.
19, 263
List the prime factors of 2702483.
7, 61, 6329
List the prime factors of 5453421.
3, 29, 62683
List the prime factors of 14122785.
3, 5, 941519
What are the prime factors of 479180?
2, 5, 13, 19, 97
List the prime factors of 25195188.
2, 3, 31, 89, 761
What are the prime factors of 4534398?
2, 3, 11, 22901
What are the prime factors of 292250?
2, 5, 7, 167
What are the prime factors of 1925612?
2, 13, 19, 1949
List the prime factors of 3681924.
2, 3, 306827
What are the prime factors of 806703?
3, 443, 607
List the prime factors of 24069.
3, 71, 113
What are the prime factors of 6886831?
7, 571, 1723
What are the prime factors of 2148098?
2, 73, 14713
List the prime factors of 5949108.
2, 3, 11, 83, 181
List the prime factors of 367689.
3, 7, 17509
List the prime factors of 71732.
2, 79, 227
What are the prime factors of 13148475?
3, 5, 19, 9227
What are the prime factors of 164519?
23, 311
What are the prime factors of 373595?
5, 74719
What are the prime factors of 1096752?
2, 3, 73, 313
What are the prime factors of 1295452?
2, 23, 14081
List the prime factors of 3373555.
5, 674711
What are the prime factors of 3769969?
7, 538567
List the prime factors of 1600387.
1600387
What are the prime factors of 14818846?
2, 7, 1058489
What are the prime factors of 99864?
2, 3, 19, 73
What are the prime factors of 464909?
464909
List the prime factors of 49675.
5, 1987
What are the prime factors of 7076395?
5, 41, 34519
What are the prime factors of 30001?
19, 1579
List the prime factors of 1357476.
2, 3, 113123
List the prime factors of 162899.
11, 59, 251
What are the prime factors of 17287900?
2, 5, 7, 24697
List the prime factors of 149814.
2, 3, 7, 29, 41
List the prime factors of 210371.
7, 41, 733
List the prime factors of 5399519.
1069, 5051
What are the prime factors of 1374065?
5, 7, 11, 43, 83
List the prime factors of 7884464.
2, 7, 17, 41, 101
List the prime factors of 652247.
557, 1171
What are the prime factors of 914661?
3, 11, 9239
What are the prime factors of 997735?
5, 31, 41, 157
What are the prime factors of 60327?
3, 6703
What are the prime factors